f 4962?
4
What is the hundreds digit of 566?
5
What is the hundreds digit of 52409?
4
What is the hundreds digit of 4323?
3
What is the hundreds digit of 1482?
4
What is the thousands digit of 2859?
2
What is the units digit of 1429?
9
What is the hundreds digit of 39844?
8
What is the hundreds digit of 11596?
5
What is the hundreds digit of 5201?
2
What is the ten thousands digit of 70068?
7
What is the units digit of 286?
6
What is the thousands digit of 13594?
3
What is the hundreds digit of 4353?
3
What is the thousands digit of 26290?
6
What is the units digit of 4877?
7
What is the ten thousands digit of 15099?
1
What is the tens digit of 40265?
6
What is the thousands digit of 7427?
7
What is the hundreds digit of 6913?
9
What is the units digit of 14462?
2
What is the hundreds digit of 647?
6
What is the units digit of 49034?
4
What is the tens digit of 8758?
5
What is the hundreds digit of 5646?
6
What is the hundreds digit of 644?
6
What is the thousands digit of 3226?
3
What is the units digit of 33159?
9
What is the tens digit of 314?
1
What is the ten thousands digit of 24324?
2
What is the thousands digit of 7920?
7
What is the tens digit of 11315?
1
What is the ten thousands digit of 11648?
1
What is the hundreds digit of 4344?
3
What is the units digit of 725?
5
What is the units digit of 952?
2
What is the hundreds digit of 7075?
0
What is the tens digit of 7623?
2
What is the tens digit of 848?
4
What is the units digit of 47910?
0
What is the ten thousands digit of 63622?
6
What is the tens digit of 2726?
2
What is the units digit of 9517?
7
What is the tens digit of 6708?
0
What is the tens digit of 8734?
3
What is the units digit of 311?
1
What is the tens digit of 9421?
2
What is the tens digit of 596?
9
What is the units digit of 12923?
3
What is the hundreds digit of 5583?
5
What is the hundreds digit of 6569?
5
What is the hundreds digit of 397?
3
What is the units digit of 2830?
0
What is the tens digit of 937?
3
What is the units digit of 32244?
4
What is the tens digit of 18?
1
What is the tens digit of 45809?
0
What is the thousands digit of 4191?
4
What is the thousands digit of 2363?
2
What is the tens digit of 4352?
5
What is the tens digit of 23317?
1
What is the thousands digit of 17024?
7
What is the tens digit of 7994?
9
What is the tens digit of 1907?
0
What is the units digit of 3420?
0
What is the tens digit of 358?
5
What is the tens digit of 7544?
4
What is the hundreds digit of 1653?
6
What is the tens digit of 5849?
4
What is the units digit of 4816?
6
What is the thousands digit of 64488?
4
What is the hundreds digit of 2763?
7
What is the units digit of 5208?
8
What is the thousands digit of 1895?
1
What is the ten thousands digit of 31966?
3
What is the thousands digit of 43931?
3
What is the tens digit of 7694?
9
What is the units digit of 4176?
6
What is the tens digit of 1029?
2
What is the units digit of 4061?
1
What is the ten thousands digit of 53820?
5
What is the thousands digit of 1618?
1
What is the thousands digit of 7934?
7
What is the hundreds digit of 843?
8
What is the tens digit of 15?
1
What is the tens digit of 9673?
7
What is the hundreds digit of 34046?
0
What is the tens digit of 3771?
7
What is the hundreds digit of 55898?
8
What is the tens digit of 7976?
7
What is the thousands digit of 2004?
2
What is the units digit of 21830?
0
What is the units digit of 3424?
4
What is the thousands digit of 126484?
6
What is the hundreds digit of 25361?
3
What is the thousands digit of 16789?
6
What is the units digit of 88423?
3
What is the hundreds digit of 6480?
4
What is the hundreds digit of 23998?
9
What is the hundreds digit of 907?
9
What is the hundreds digit of 2987?
9
What is the tens digit of 409?
0
What is the units digit of 38990?
0
What is the thousands digit of 5718?
5
What is the units digit of 80204?
4
What is the tens digit of 92040?
4
What is the hundreds digit of 32509?
5
What is the units digit of 42434?
4
What is the tens digit of 116012?
1
What is the tens digit of 15056?
5
What is the thousands digit of 125408?
5
What is the hundreds digit of 554?
5
What is the tens digit of 432?
3
What is the thousands digit of 6287?
6
What is the units digit of 3245?
5
What is the hundreds digit of 6873?
8
What is the tens digit of 30987?
8
What is the tens digit of 2600?
0
What is the units digit of 84686?
6
What is the units digit of 714?
4
What is the units digit of 454?
4
What is the hundreds digit of 807?
8
What is the tens digit of 3068?
6
What is the tens digit of 1360?
6
What is the tens digit of 437?
3
What is the hundred thousands digit of 107962?
1
What is the tens digit of 10121?
2
What is the hundreds digit of 9194?
1
What is the tens digit of 9079?
7
What is the units digit of 4677?
7
What is the tens digit of 9963?
6
What is the tens digit of 765?
6
What is the ten thousands digit of 29796?
2
What is the tens digit of 983?
8
What is the hundreds digit of 1112?
1
What is the thousands digit of 3667?
3
What is the thousands digit of 38604?
8
What is the units digit of 228?
8
What is the units digit of 32?
2
What is the tens digit of 809?
0
What is the hundreds digit of 32669?
6
What is the units digit of 1266?
6
What is the hundreds digit of 686?
6
What is the tens digit of 1453?
5
What is the units digit of 6306?
6
What is the ten thousands digit of 30259?
3
What is the hundreds digit of 3556?
5
What is the hundreds digit of 261?
2
What is the thousands digit of 27527?
7
What is the thousands digit of 53789?
3
What is the units digit of 34183?
3
What is the ten thousands digit of 45642?
4
What is the units digit of 3538?
8
What is the units digit of 488?
8
What is the hundreds digit of 2663?
6
What is the tens digit of 47283?
8
What is the hundreds digit of 25906?
9
What is the thousands digit of 3747?
3
What is the thousands digit of 1176?
1
What is the thousands digit of 2049?
2
What is the thousands digit of 102543?
2
What is the units digit of 992?
2
What is the hundreds digit of 3193?
1
What is the tens digit of 854?
5
What is the tens digit of 28786?
8
What is the units digit of 87?
7
What is the tens digit of 2647?
4
What is the thousands digit of 13911?
3
What is the units digit of 7239?
9
What is the tens digit of 50?
5
What is the units digit of 792?
2
What is the tens digit of 21147?
4
What is the hundreds digit of 4345?
3
What is the tens digit of 21761?
6
What is the thousands digit of 1321?
1
What is the units digit of 164?
4
What is the tens digit of 1708?
0
What is the units digit of 1473?
3
What is the units digit of 3600?
0
What is the tens digit of 1441?
4
What is the tens digit of 9485?
8
What is the hundreds digit of 2356?
3
What is the units digit of 2822?
2
What is the units digit of 849?
9
What is the ten thousands digit of 19853?
1
What is the units digit of 37942?
2
What is the thousands digit of 2982?
2
What is the thousands digit of 1476?
1
What is the hundreds digit of 924?
9
What is the tens digit of 1869?
6
What is the tens digit of 1387?
8
What is the thousands digit of 2466?
2
What is the tens digit of 20604?
0
What is the hundreds digit of 15288?
2
What is the thousands digit of 48793?
8
What is the tens digit of 27265?
6
What is the units digit of 2335?
5
What is the hundreds digit of 335?
3
What is the tens digit of 31989?
8
What is the tens digit of 230?
3
What is the tens digit of 1102?
0
What is the tens digit of 136595?
9
What is the hundreds digit of 19003?
0
What is the units digit of 16235?
5
What is the units digit of 19227?
7
What is the thousands digit of 3134?
3
What is the units digit of 2271?
1
What is the tens digit of 2981?
8
What is the tens digit of 1281?
8
What is the tens digit of 1711?
1
What is the hundreds digit of 1519?
5
What is the units digit of 6257?
7
What is the tens digit of 1404?
0
What is the ten thousands digit of 68169?
6
What is the hundreds digit of 8048?
0
What is the hundreds digit of 54152?
1
What is the tens digit of 37532?
3
What is the thousands digit of 1169?
1
What is the tens digit of 36625?
2
What is the ten thousands digit of 79000?
7
What is the hundreds digit of 1356?
3
What is the tens digit of 1209?
0
What is the ten thousands digit of 40096?
4
What is the hundreds digit of